{"id":3677,"date":"2022-02-24T13:50:02","date_gmt":"2022-02-24T16:50:02","guid":{"rendered":"https:\/\/academiainpact.cl\/accym\/?page_id=3677"},"modified":"2022-02-24T13:51:41","modified_gmt":"2022-02-24T16:51:41","slug":"accion-social","status":"publish","type":"page","link":"http:\/\/academiainpact.cl\/accym\/accion-social\/","title":{"rendered":"Acci\u00f3n Social"},"content":{"rendered":"\t\t<div data-elementor-type=\"wp-page\" data-elementor-id=\"3677\" class=\"elementor elementor-3677\" data-elementor-settings=\"[]\">\n\t\t\t\t\t\t\t<div class=\"elementor-section-wrap\">\n\t\t\t\t\t\t\t<section class=\"elementor-section elementor-top-section elementor-element elementor-element-7ede3913 elementor-section-boxed elementor-section-height-default elementor-section-height-default\" data-id=\"7ede3913\" data-element_type=\"section\" data-settings=\"{&quot;background_background&quot;:&quot;classic&quot;}\">\n\t\t\t\t\t\t\t<div class=\"elementor-background-overlay\"><\/div>\n\t\t\t\t\t\t\t<div class=\"elementor-container elementor-column-gap-default\">\n\t\t\t\t\t<div class=\"elementor-column elementor-col-100 elementor-top-column elementor-element elementor-element-62378110\" data-id=\"62378110\" data-element_type=\"column\" data-settings=\"{&quot;background_background&quot;:&quot;classic&quot;}\">\n\t\t\t<div class=\"elementor-widget-wrap elementor-element-populated\">\n\t\t\t\t\t\t\t\t<div class=\"elementor-element elementor-element-798283e7 elementor-widget elementor-widget-heading\" data-id=\"798283e7\" data-element_type=\"widget\" data-widget_type=\"heading.default\">\n\t\t\t\t<div class=\"elementor-widget-container\">\n\t\t\t<h2 class=\"elementor-heading-title elementor-size-default\">Acci\u00f3n Social<\/h2>\t\t<\/div>\n\t\t\t\t<\/div>\n\t\t\t\t\t<\/div>\n\t\t<\/div>\n\t\t\t\t\t\t\t<\/div>\n\t\t<\/section>\n\t\t\t\t<section class=\"elementor-section elementor-top-section elementor-element elementor-element-a77e942 elementor-section-boxed elementor-section-height-default elementor-section-height-default\" data-id=\"a77e942\" data-element_type=\"section\">\n\t\t\t\t\t\t<div class=\"elementor-container elementor-column-gap-default\">\n\t\t\t\t\t<div class=\"elementor-column elementor-col-100 elementor-top-column elementor-element elementor-element-7658487\" data-id=\"7658487\" data-element_type=\"column\">\n\t\t\t<div class=\"elementor-widget-wrap elementor-element-populated\">\n\t\t\t\t\t\t\t\t<div class=\"elementor-element elementor-element-8cc1c1c elementor-widget elementor-widget-text-editor\" data-id=\"8cc1c1c\" data-element_type=\"widget\" data-widget_type=\"text-editor.default\">\n\t\t\t\t<div class=\"elementor-widget-container\">\n\t\t\t\t\t\t\t<h2><a href=\"http:\/\/www.accym.cl\/index.php\/trabajo-social\">Acci\u00f3n Social<\/a><\/h2><p>Estimados coaches:<br \/><br \/>Dando inicio a sus proyectos de acci\u00f3n social 2015, la Asociaci\u00f3n Chilena de Coaching llama a sus miembros a presentar a organizaciones sin fines de lucro y que pudiesen estar interesadas en recibir ayuda a trav\u00e9s de sesiones de Coaching de sus socios voluntarios.\u00a0<br \/><br \/>La Asociaci\u00f3n Chilena de Coaching es una corporaci\u00f3n sin fines de lucro, creada en el a\u00f1o 2005 con el objetivo de difundir el Coaching en Chile mediante jornadas de capacitaci\u00f3n y proyectos de ayuda a la comunidad. As\u00ed tambi\u00e9n, tiene como objetivo servir de lugar de encuentro, desarrollar la investigaci\u00f3n y continuo mejoramiento de la actividad y establecer est\u00e1ndares de \u00e9tica para la pr\u00e1ctica del coaching.<br \/><br \/>Todos sus miembros son Coaches graduados de instituciones prestigiosas habiendo realizado, algunos de ellos, voluntariados en distintas organizaciones tales como Centro Yunus, Centro de Estudios para Calidad de Vida, Fondo Esperanza, Consulado del Per\u00fa, entre otras.\u00a0<\/p><p>Si conoce alguna instituci\u00f3n por favor escribir a\u00a0<span id=\"cloak11649\"><a href=\"mailto:rdc@inpact.net\">rdc@inpact.net<\/a><\/span><\/p>\t\t\t\t\t\t<\/div>\n\t\t\t\t<\/div>\n\t\t\t\t\t<\/div>\n\t\t<\/div>\n\t\t\t\t\t\t\t<\/div>\n\t\t<\/section>\n\t\t\t\t\t\t<\/div>\n\t\t\t\t\t<\/div>\n\t\t","protected":false},"excerpt":{"rendered":"<p>Acci\u00f3n Social Acci\u00f3n Social Estimados coaches: Dando inicio a sus proyectos de acci\u00f3n social 2015, la Asociaci\u00f3n Chilena de Coaching llama a sus miembros a presentar a organizaciones sin fines de lucro y que pudiesen estar interesadas en recibir ayuda a trav\u00e9s de sesiones de Coaching de sus socios voluntarios.\u00a0 La Asociaci\u00f3n Chilena de Coaching [&hellip;]<\/p>\n","protected":false},"author":1,"featured_media":0,"parent":0,"menu_order":0,"comment_status":"closed","ping_status":"closed","template":"elementor_header_footer","meta":{"footnotes":""},"class_list":["post-3677","page","type-page","status-publish","hentry"],"_links":{"self":[{"href":"http:\/\/academiainpact.cl\/accym\/wp-json\/wp\/v2\/pages\/3677","targetHints":{"allow":["GET"]}}],"collection":[{"href":"http:\/\/academiainpact.cl\/accym\/wp-json\/wp\/v2\/pages"}],"about":[{"href":"http:\/\/academiainpact.cl\/accym\/wp-json\/wp\/v2\/types\/page"}],"author":[{"embeddable":true,"href":"http:\/\/academiainpact.cl\/accym\/wp-json\/wp\/v2\/users\/1"}],"replies":[{"embeddable":true,"href":"http:\/\/academiainpact.cl\/accym\/wp-json\/wp\/v2\/comments?post=3677"}],"version-history":[{"count":4,"href":"http:\/\/academiainpact.cl\/accym\/wp-json\/wp\/v2\/pages\/3677\/revisions"}],"predecessor-version":[{"id":3681,"href":"http:\/\/academiainpact.cl\/accym\/wp-json\/wp\/v2\/pages\/3677\/revisions\/3681"}],"wp:attachment":[{"href":"http:\/\/academiainpact.cl\/accym\/wp-json\/wp\/v2\/media?parent=3677"}],"curies":[{"name":"wp","href":"https:\/\/api.w.org\/{rel}","templated":true}]}}